. List the prime factors of s.
7, 11
Suppose 0 = 2*s - o - 9, -1 = 4*s - 3*o - 16. Let n be ((-14)/s)/((-2)/12). Suppose 0 = -4*j - 5*p + n + 3, 3*j = p + 27. List the prime factors of j.
2
Suppose 5*o = 2*o + 51. List the prime factors of o.
17
Let i(x) = x**3 + 4*x**2 - 7*x - 12. Let s be i(-5). Let n = 10 + s. What are the prime factors of n?
2
Suppose 3*u + 14 = 5*i, -1 = i + 4*u - 13. Let b = i - -3. List the prime factors of b.
7
Suppose -9*i = -12*i + 144. List the prime factors of i.
2, 3
Let p = -4 - -21. What are the prime factors of p?
17
Let i(n) = n**2 + 5*n + 8. What are the prime factors of i(7)?
2, 23
Suppose 3*q = -4*v + 117, -2*v + 7*v - 85 = -2*q. List the prime factors of q.
5, 7
What are the prime factors of (56/32 + 4)/((-2)/(-40))?
5, 23
Let q = -8 + 2. Let k = q + 20. What are the prime factors of k?
2, 7
List the prime factors of 79/5 + (-2)/(-10).
2
Let z(v) be the second derivative of v + 0 - 1/12*v**4 - 3/2*v**2 - 7/6*v**3. List the prime factors of z(-4).
3
Let v be ((0 + 3)*1)/1. Let z = -9 - -25. Suppose v*h = h + z. List the prime factors of h.
2
Let d = 92 - 46. List the prime factors of d.
2, 23
Suppose -5 = -4*w - 1. Suppose 3*x - w = 5. Suppose -x - 5 = -s. What are the prime factors of s?
7
Let b(r) = 4*r + 23. What are the prime factors of b(8)?
5, 11
Suppose i + 4*i = 15. List the prime factors of 0 + (-1)/(i/(-18)).
2, 3
Let z be 25 - (-3)/((-9)/6). Suppose -y + 2*y = z. Suppose 3*l - y = 10. List the prime factors of l.
11
Suppose -5*l - 340 = -10*l. What are the prime factors of l?
2, 17
Let d(u) = -u**3 + 16*u**2 + 24*u - 5. List the prime factors of d(17).
2, 3, 19
Let y(c) = -c**3 + 7*c**2 + 8*c + 7. Suppose -2*w = -11 - 5. What are the prime factors of y(w)?
7
What are the prime factors of 121/6 - (-1)/(-6)?
2, 5
Let l(t) = t**3 - 7*t**2 + 8*t - 5. Suppose -u + 10 = -8. Suppose q - 4*q + u = 0. List the prime factors of l(q).
7
Let c be (3/6)/((-4)/(-40)). Suppose c*u - 9 = 2*u. What are the prime factors of u?
3
Let q(s) be the third derivative of -s**4/24 - s**3/6 - s**2. Let w be q(-6). Suppose w*o - 50 = -0*o. List the prime factors of o.
2, 5
Suppose -6 = 2*z + 2*b, -3*b + 13 = -z - 6*b. Suppose -2*s + z = -8. Suppose -s - 13 = -3*q. What are the prime factors of q?
2, 3
Let z = 704 - 405. What are the prime factors of z?
13, 23
Suppose -4*k - k = -550. What are the prime factors of k?
2, 5, 11
Let w(i) = -11*i + 5 - 3 + 0. Let g be w(-3). Suppose -g = -6*j + j. What are the prime factors of j?
7
Suppose 2*w - 17 = -5*z - 0*z, z - 1 = -w. Let s(o) = o**3 - 5*o**2 + 1. Let u be s(z). Let m = u - -2. List the prime factors of m.
3
Let r be (-33)/(((-27)/10)/9). Suppose 3*l + 2*u - 66 = 0, -5*l + 4*u - u = -r. List the prime factors of l.
2, 11
Suppose q + 5 + 6 = n, 31 = 3*n - 2*q. Let p = n + 64. Suppose 4*z - p = -21. List the prime factors of z.
13
Let z(x) = -x + 1. Let r be z(-3). Suppose 0 = -r*d + 9 + 55. What are the prime factors of d?
2
Suppose 0 = -c - s - 1, -s + 11 = -2*c - 6*s. Let g(h) = 3*h - 2. List the prime factors of g(c).
2
Suppose 0 = 6*b - 9*b + 36. What are the prime factors of b?
2, 3
Let y(n) = 7*n + 2. Let k be y(-3). Let c = k + 54. What are the prime factors of c?
5, 7
Suppose -32 = -u - r, -r = 3*u - 0*r - 100. List the prime factors of u.
2, 17
Suppose 5*m + 4*r = 15, 2*m - r = -4*r + 6. Suppose 0 = 2*x + m*u - 8, -5*u + 11 = -4*x + 5. What are the prime factors of (-2 + x)*(-4 + 2)?
2
Suppose 0 = -4*s - 0*s + 220. List the prime factors of s.
5, 11
List the prime factors of (-1105)/(-15) - ((-15)/(-9) + -2).
2, 37
List the prime factors of 2/(-7) + 156/7.
2, 11
Let z = 94 + 138. List the prime factors of z.
2, 29
Let m = -4 - -5. List the prime factors of 18/3 + -3 + m.
2
Let x(h) = -h**2 + 4*h + 58. List the prime factors of x(0).
2, 29
Suppose 3*a + 8 = 26. What are the prime factors of a?
2, 3
Let y(o) = o**2 - 4*o - 2. Let b(m) be the first derivative of -m**2/2 - 3. Let h be b(-5). List the prime factors of y(h).
3
Suppose 2*w + 3*r - 12 = r, -w = -r - 14. What are the prime factors of w?
2, 5
Suppose -272 = -3*d + 5*k, 0 = 5*d + 3*k - 214 - 296. List the prime factors of d.
3, 11
Let c(a) = a**3 + 9*a**2 - 11*a - 7. List the prime factors of c(-10).
3
Let m(g) = 3*g + 8. Let h be m(6). Suppose -2*b - 2*w = -24, 2*b = -7*w + 4*w + h. What are the prime factors of b?
2, 5
Suppose 7*r = 5*r + 16. What are the prime factors of r?
2
Suppose 0*x + 3*x = 81. Let j(g) = -2*g**3 - 4*g**2 - 2*g + 2. Let p be j(-2). Let u = x - p. What are the prime factors of u?
3, 7
Let d be (-2)/(-11) + 64/11. What are the prime factors of (d - 0)/(11/11)?
2, 3
Let k(n) be the second derivative of -n**5/20 + n**4/2 + 7*n**3/6 - 3*n**2 + n. Let q be k(7). Let x(i) = -2*i - 2. List the prime factors of x(q).
2, 5
Let s = -7 + 13. Suppose -3*p - 2*j + 6 = 0, -p - 2*j = -s*j - 2. What are the prime factors of (-3)/p*(-66)/9?
11
Let k = -7 - -12. Suppose -5*o + 7 = -2*m - 0*m, -5*m + 5 = -k*o. Suppose -o*t + 22 = -14. What are the prime factors of t?
2, 3
Suppose -1055 = -u - 4*u. What are the prime factors of u?
211
Suppose -4*x = -8, 0*k + x = -k + 12. Suppose -z - 80 = -3*z. Suppose 0 = -2*u - k + z. What are the prime factors of u?
3, 5
Let l(t) = -7*t - 4. Suppose 5*s + 5*c = 0, 0 = 4*s - 0*c + c. Let w(p) = p**3 - p**2 - p - 3. Let f be w(s). List the prime factors of l(f).
17
Let f(h) = -h**3 - 2*h**2 - h + 3. What are the prime factors of f(-5)?
83
Let r = 6 + -3. List the prime factors of r.
3
Let z = -46 - -74. List the prime factors of z.
2, 7
Let i = 2 + 34. List the prime factors of i.
2, 3
Let u = 54 + 43. What are the prime factors of u?
97
Let b(m) = -2*m**3 - 5*m**2 - 3*m + 1. Let y be b(-3). Let f = y + -10. List the prime factors of f.
3
Let l = 208 + -7. Suppose -34 = 5*i + l. What are the prime factors of i/(-4) + (-3)/(-12)?
2, 3
Let v(r) be the second derivative of 0 - r**2 - 1/3*r**3 + 3*r. What are the prime factors of v(-2)?
2
Suppose 2*i - 5 = 9. Suppose 2*g - i = g. List the prime factors of g.
7
Let o(g) = -5*g + 3 + 4*g - 6. What are the prime factors of o(-9)?
2, 3
Suppose a = 43 + 24. Let w = a - 39. What are the prime factors of w?
2, 7
Let r(k) = -k**3 + 6*k**2 - 2*k + 3. Let d be r(6). Let u = -5 - d. What are the prime factors of u?
2
Let t = -15 + 24. Suppose 2*n - 3*n = -t. What are the prime factors of n?
3
Suppose 5*i - 540 = 135. What are the prime factors of i?
3, 5
Let i be (8 - 1) + 1 + -1. Let r = 11 - i. Suppose r*a - 4*t = 44, 4*a - 50 = -t - t. What are the prime factors of a?
2, 3
Suppose -4*i - 8 = 5*u, -i = -u + 2*i + 6. Suppose 6 = -2*z, 3*c + 3*z - 3 - 42 = u. List the prime factors of c.
2, 3
Suppose -4 = -2*w + 2*b, 0 = 7*w - 3*w + b - 33. What are the prime factors of w?
7
Suppose g - 14 = -4*c + 3*g, 2*c + g - 1 = 0. Suppose -3*f = 3*o - 9, 5*o + 28 = c*f - 13. List the prime factors of f.
2
List the prime factors of ((-38)/(-8) - 4)*152.
2, 3, 19
Suppose -4*q - 25 = -k, -3*q + 4 = -2*k + 29. Suppose -2*i + k = -i. List the prime factors of i.
5
Let m(r) = -r**3 + 5*r**2 + 6*r + 4. Let v be m(6). Suppose -4*n - 80 = b - v*b, 2*n + 88 = 3*b. List the prime factors of b.
2
Let o(j) be the first derivative of j**3/3 + 4*j**2 - 11*j + 4. Let d be o(-10). List the prime factors of (12/d)/(6/9).
2
Suppose -3*a + 130 + 11 = 0. What are the prime factors of a?
47
Let d = 55 - 27. What are the prime factors of d?
2, 7
Let k = -2 + 12. List the prime factors of k.
2, 5
Let r = 16 + -16. Suppose 3*v = -5*z + 38, 0*v + v = -3*z + 18. Suppose -g + r*h + 4*h = v, -5*g + 33 = h. List the prime factors of g.
2, 3
Let t(p) = p**2 - 4*p - 8. Let c be t(6). Suppose 73 = 5*q - v, -c*q + 4 = 3*v - 43. List the prime factors of q.
2, 7
Suppose -5*n + 2*i = -1349, 2*n = 5*n + 3*i - 801. What are the prime factors of n?
269
Suppose 2*f - 3*f = -52. List the prime factors of f.
2, 13
Suppose -2*t + 8 = -5*p, -3*t + 31 = 2*p - 0*p. Suppose -3*s + 3*j = -2*j - 12, -3*j = -t. What are the prime factors of s?
3
Suppose -r = -2*w + 4, r - 4*w + 5 = -3. Suppose r*v = v - 14. List the prime factors of v.
2, 7
Let h be 1/4 + 21/12. Suppose -f - 3*c = h - 4, 4 = 2*f + 4*c. Suppose -3*o + 15 = 5*a, 2*a + 15 = o + f*o. List the prime factors of o.
5
List the pri